{"id":11,"date":"2018-03-31T15:31:46","date_gmt":"2018-03-31T13:31:46","guid":{"rendered":"http:\/\/www.edytasowa.pl\/?page_id=11"},"modified":"2024-10-30T09:45:17","modified_gmt":"2024-10-30T08:45:17","slug":"o-nas","status":"publish","type":"page","link":"https:\/\/www.edytasowa.pl\/index.php\/o-nas\/","title":{"rendered":"O mnie"},"content":{"rendered":"<p><img loading=\"lazy\" decoding=\"async\" class=\" wp-image-35 alignleft\" src=\"https:\/\/www.edytasowa.pl\/wp-content\/uploads\/Edyta_Sowa-199x300.jpg\" alt=\"\" width=\"229\" height=\"345\" srcset=\"https:\/\/www.edytasowa.pl\/wp-content\/uploads\/Edyta_Sowa-199x300.jpg 199w, https:\/\/www.edytasowa.pl\/wp-content\/uploads\/Edyta_Sowa-768x1160.jpg 768w, https:\/\/www.edytasowa.pl\/wp-content\/uploads\/Edyta_Sowa-678x1024.jpg 678w\" sizes=\"auto, (max-width: 229px) 100vw, 229px\" \/>\u015al\u0105ska Akademia Medyczna w Katowicach Wydzia\u0142 Lekarski w Zabrzu<\/p>\n<p>2005 specjalizacja: Choroby wewn\u0119trzne<br \/>2014\u00a0 specjalizacja: Kardiologia<\/p>\n<p><strong>Do\u015bwiadczenie<\/strong><\/p>\n<p style=\"padding-left: 200px;\"><em>Oddzia\u0142 Kardiologii<\/em> Szpitala Powiatowego w Myszkowie &#8211; z-ca kierownika<br \/><em>Polsko-Ameryka\u0144skie Kliniki Serca<\/em> z-ca ordynatora XV Oddzia\u0142u Kardiologii w Myszkowie<br \/><em>Wojew\u00f3dzki Szpital Specjalistyczny nr 5 im. \u015bw. Barbary<\/em> w Sosnowcu Oddzia\u0142 Rehabilitacji Kardiologicznej<br \/><em>Szpital Powiatowy w Myszkowie<\/em> z-ca ordynatora<br \/>\u00a0 Oddzia\u0142u Chor\u00f3b Wewn\u0119trznych<\/p>\n<p><strong>Przynale\u017cno\u015b\u0107 do organizacji<\/strong><br \/>Polskie Towarzystwo Kardiologiczne oraz European Society of Cardiology<br \/>Sekcja echokardiografii Polskiego Towarzystwa Kardiologicznego<\/p>\n<p>\u00a0<\/p>\n<p><img loading=\"lazy\" decoding=\"async\" class=\"alignnone size-medium wp-image-441\" src=\"https:\/\/www.edytasowa.pl\/wp-content\/uploads\/PTK-2024-191x300.jpg\" alt=\"\" width=\"191\" height=\"300\" srcset=\"https:\/\/www.edytasowa.pl\/wp-content\/uploads\/PTK-2024-191x300.jpg 191w, https:\/\/www.edytasowa.pl\/wp-content\/uploads\/PTK-2024.jpg 565w\" sizes=\"auto, (max-width: 191px) 100vw, 191px\" \/><\/p>\n<p><strong>Certyfikaty i umiej\u0119tno\u015bci<br \/><\/strong>Echokardiografia w praktyce klinicznej<br \/>Diagnostyka dopplerowska naczy\u0144 krwiono\u015bnych szyi, t\u0119tnic \u0142uku aorty<br \/>Echokardiografia: obrazowanie i interpretacja patologii<br \/>Warsztaty kardiologii inwazyjnej<br \/>Warsztaty resynchronizacji Sekcji Echokardiografii PTK<br \/>Warsztaty Echo-Expert<br \/>Diagnostyka usg\u00a0narz\u0105d\u00f3w jamy brzusznej<\/p>\n<p><img loading=\"lazy\" decoding=\"async\" class=\"alignnone size-medium wp-image-87\" src=\"https:\/\/www.edytasowa.pl\/wp-content\/uploads\/cardiology-300x84.jpg\" alt=\"\" width=\"300\" height=\"84\" srcset=\"https:\/\/www.edytasowa.pl\/wp-content\/uploads\/cardiology-300x84.jpg 300w, https:\/\/www.edytasowa.pl\/wp-content\/uploads\/cardiology-768x215.jpg 768w, https:\/\/www.edytasowa.pl\/wp-content\/uploads\/cardiology-1024x287.jpg 1024w, https:\/\/www.edytasowa.pl\/wp-content\/uploads\/cardiology.jpg 1160w\" sizes=\"auto, (max-width: 300px) 100vw, 300px\" \/><\/p>\n<p>\u00a0<\/p>\n\n\n<p>&nbsp;<\/p>\n","protected":false},"excerpt":{"rendered":"<p>\u015al\u0105ska Akademia Medyczna w Katowicach Wydzia\u0142 Lekarski w Zabrzu 2005 specjalizacja: Choroby wewn\u0119trzne2014\u00a0 specjalizacja: Kardiologia Do\u015bwiadczenie Oddzia\u0142 Kardiologii Szpitala Powiatowego w Myszkowie &#8211; z-ca kierownikaPolsko-Ameryka\u0144skie Kliniki Serca z-ca ordynatora XV Oddzia\u0142u Kardiologii w MyszkowieWojew\u00f3dzki Szpital Specjalistyczny nr 5 im. \u015bw. Barbary w Sosnowcu Oddzia\u0142 Rehabilitacji KardiologicznejSzpital Powiatowy w Myszkowie z-ca ordynatora\u00a0 Oddzia\u0142u Chor\u00f3b Wewn\u0119trznych Przynale\u017cno\u015b\u0107 &hellip; <\/p>\n<p class=\"link-more\"><a href=\"https:\/\/www.edytasowa.pl\/index.php\/o-nas\/\" class=\"more-link\">Czytaj dalej<span class=\"screen-reader-text\"> \u201eO mnie\u201d<\/span><\/a><\/p>\n","protected":false},"author":1,"featured_media":0,"parent":0,"menu_order":0,"comment_status":"closed","ping_status":"closed","template":"","meta":{"footnotes":""},"class_list":["post-11","page","type-page","status-publish","hentry"],"_links":{"self":[{"href":"https:\/\/www.edytasowa.pl\/index.php\/wp-json\/wp\/v2\/pages\/11","targetHints":{"allow":["GET"]}}],"collection":[{"href":"https:\/\/www.edytasowa.pl\/index.php\/wp-json\/wp\/v2\/pages"}],"about":[{"href":"https:\/\/www.edytasowa.pl\/index.php\/wp-json\/wp\/v2\/types\/page"}],"author":[{"embeddable":true,"href":"https:\/\/www.edytasowa.pl\/index.php\/wp-json\/wp\/v2\/users\/1"}],"replies":[{"embeddable":true,"href":"https:\/\/www.edytasowa.pl\/index.php\/wp-json\/wp\/v2\/comments?post=11"}],"version-history":[{"count":31,"href":"https:\/\/www.edytasowa.pl\/index.php\/wp-json\/wp\/v2\/pages\/11\/revisions"}],"predecessor-version":[{"id":442,"href":"https:\/\/www.edytasowa.pl\/index.php\/wp-json\/wp\/v2\/pages\/11\/revisions\/442"}],"wp:attachment":[{"href":"https:\/\/www.edytasowa.pl\/index.php\/wp-json\/wp\/v2\/media?parent=11"}],"curies":[{"name":"wp","href":"https:\/\/api.w.org\/{rel}","templated":true}]}}

<p><img loading="lazy" decoding="async" class=" wp-image-35 alignleft" src="https://www.edytasowa.pl/wp-content/uploads/Edyta_Sowa-199x300.jpg" alt="" width="229" height="345" srcset="https://www.edytasowa.pl/wp-content/uploads/Edyta_Sowa-199x300.jpg 199w, https://www.edytasowa.pl/wp-content/uploads/Edyta_Sowa-768x1160.jpg 768w, https://www.edytasowa.pl/wp-content/uploads/Edyta_Sowa-678x1024.jpg 678w" sizes="auto, (max-width: 229px) 100vw, 229px" />Śląska Akademia Medyczna w Katowicach Wydział Lekarski w Zabrzu</p>
<p>2005 specjalizacja: Choroby wewnętrzne<br />2014  specjalizacja: Kardiologia</p>
<p><strong>Doświadczenie</strong></p>
<p style="padding-left: 200px;"><em>Oddział Kardiologii</em> Szpitala Powiatowego w Myszkowie &#8211; z-ca kierownika<br /><em>Polsko-Amerykańskie Kliniki Serca</em> z-ca ordynatora XV Oddziału Kardiologii w Myszkowie<br /><em>Wojewódzki Szpital Specjalistyczny nr 5 im. św. Barbary</em> w Sosnowcu Oddział Rehabilitacji Kardiologicznej<br /><em>Szpital Powiatowy w Myszkowie</em> z-ca ordynatora<br />  Oddziału Chorób Wewnętrznych</p>
<p><strong>Przynależność do organizacji</strong><br />Polskie Towarzystwo Kardiologiczne oraz European Society of Cardiology<br />Sekcja echokardiografii Polskiego Towarzystwa Kardiologicznego</p>
<p> </p>
<p><img loading="lazy" decoding="async" class="alignnone size-medium wp-image-441" src="https://www.edytasowa.pl/wp-content/uploads/PTK-2024-191x300.jpg" alt="" width="191" height="300" srcset="https://www.edytasowa.pl/wp-content/uploads/PTK-2024-191x300.jpg 191w, https://www.edytasowa.pl/wp-content/uploads/PTK-2024.jpg 565w" sizes="auto, (max-width: 191px) 100vw, 191px" /></p>
<p><strong>Certyfikaty i umiejętności<br /></strong>Echokardiografia w praktyce klinicznej<br />Diagnostyka dopplerowska naczyń krwionośnych szyi, tętnic łuku aorty<br />Echokardiografia: obrazowanie i interpretacja patologii<br />Warsztaty kardiologii inwazyjnej<br />Warsztaty resynchronizacji Sekcji Echokardiografii PTK<br />Warsztaty Echo-Expert<br />Diagnostyka usg narządów jamy brzusznej</p>
<p><img loading="lazy" decoding="async" class="alignnone size-medium wp-image-87" src="https://www.edytasowa.pl/wp-content/uploads/cardiology-300x84.jpg" alt="" width="300" height="84" srcset="https://www.edytasowa.pl/wp-content/uploads/cardiology-300x84.jpg 300w, https://www.edytasowa.pl/wp-content/uploads/cardiology-768x215.jpg 768w, https://www.edytasowa.pl/wp-content/uploads/cardiology-1024x287.jpg 1024w, https://www.edytasowa.pl/wp-content/uploads/cardiology.jpg 1160w" sizes="auto, (max-width: 300px) 100vw, 300px" /></p>
<p> </p>


<p>&nbsp;</p>

<p>Śląska Akademia Medyczna w Katowicach Wydział Lekarski w Zabrzu 2005 specjalizacja: Choroby wewnętrzne2014  specjalizacja: Kardiologia Doświadczenie Oddział Kardiologii Szpitala Powiatowego w Myszkowie &#8211; z-ca kierownikaPolsko-Amerykańskie Kliniki Serca z-ca ordynatora XV Oddziału Kardiologii w MyszkowieWojewódzki Szpital Specjalistyczny nr 5 im. św. Barbary w Sosnowcu Oddział Rehabilitacji KardiologicznejSzpital Powiatowy w Myszkowie z-ca ordynatora  Oddziału Chorób Wewnętrznych Przynależność &hellip; </p>
<p class="link-more"><a href="https://www.edytasowa.pl/index.php/o-nas/" class="more-link">Czytaj dalej<span class="screen-reader-text"> „O mnie”</span></a></p>
